{"id":3895,"date":"2015-06-09T14:42:13","date_gmt":"2015-06-09T14:42:13","guid":{"rendered":"http:\/\/impreza4.us-themes.com\/?page_id=24"},"modified":"2025-10-14T13:12:48","modified_gmt":"2025-10-14T13:12:48","slug":"about-2","status":"publish","type":"page","link":"https:\/\/pole-room.de\/?page_id=3895","title":{"rendered":"Unser Team"},"content":{"rendered":"<section class=\"l-section wpb_row height_small color_alternate\"><div class=\"l-section-h i-cf\"><div class=\"g-cols vc_row via_flex valign_top type_default stacking_default\"><div class=\"vc_col-sm-12 wpb_column vc_column_container\"><div class=\"vc_column-inner\"><div class=\"wpb_wrapper\"><div class=\"w-separator size_medium\"><\/div>[vc_custom_heading text=&#8220;Pole Room Team&#8220; font_container=&#8220;tag:h1|font_size:70|text_align:center|color:%23f8c8c8&#8243; google_fonts=&#8220;font_family:Satisfy%3Aregular|font_style:400%20regular%3A400%3Anormal&#8220;]<\/div><\/div><\/div><\/div><\/div><\/section><section class=\"l-section wpb_row height_small color_alternate\"><div class=\"l-section-h i-cf\"><div class=\"g-cols vc_row via_flex valign_middle type_boxes stacking_default\"><div class=\"vc_col-sm-6 wpb_column vc_column_container\"><div class=\"vc_column-inner us_custom_21be4caf\"><div class=\"wpb_wrapper\"><div class=\"wpb_text_column\"><div class=\"wpb_wrapper\"><p style=\"text-align: center;\">Mit der Leidenschaft zu unserem Sport, m\u00f6chten wir f\u00fcr euch einen Ort erschaffen an dem man sich wohl f\u00fchlen, entspannen, auspowern, st\u00e4rken, den K\u00f6rper formen oder einen Ausgleich zu dem oft stressigen Alltag finden kann.<\/p>\n<p style=\"text-align: center;\">Was auch immer jeden einzelnen dazu bewegt, uns, in unserem Studio zu besuchen, es liegt uns sehr am Herzen euch etwas &#8222;Me-time&#8220; zu schenken \ud83d\ude42<\/p>\n<\/div><\/div><\/div><\/div><\/div><div class=\"vc_col-sm-6 wpb_column vc_column_container\"><div class=\"vc_column-inner us_custom_590cac61\"><div class=\"wpb_wrapper\"><div class=\"w-separator size_custom\" style=\"height:200px\"><\/div><\/div><\/div><\/div><\/div><\/div><\/section><section class=\"l-section wpb_row height_small color_alternate\"><div class=\"l-section-h i-cf\"><div class=\"g-cols vc_row via_flex valign_middle type_boxes stacking_default\"><div class=\"vc_col-sm-12 wpb_column vc_column_container\"><div class=\"vc_column-inner us_custom_f6223304\"><div class=\"wpb_wrapper\"><div class=\"wpb_text_column\"><div class=\"wpb_wrapper\"><h2>Unser Angebot<\/h2>\n<\/div><\/div><div class=\"w-separator size_medium with_line width_30 thick_1 style_solid color_border align_center with_content\"><div class=\"w-separator-h\"><i class=\"far fa-star\"><\/i><\/div><\/div><div class=\"g-cols wpb_row via_flex valign_top type_default stacking_default\"><div class=\"vc_col-sm-4 wpb_column vc_column_container\"><div class=\"vc_column-inner\"><div class=\"wpb_wrapper\"><div class=\"w-iconbox iconpos_top style_default color_primary align_center no_text\"><div class=\"w-iconbox-icon\" style=\"font-size:70px;\"><i class=\"fas fa-heart\"><\/i><\/div><div class=\"w-iconbox-meta\"><h4 class=\"w-iconbox-title\">Poledance<\/h4><\/div><\/div><\/div><\/div><\/div><div class=\"vc_col-sm-4 wpb_column vc_column_container\"><div class=\"vc_column-inner\"><div class=\"wpb_wrapper\"><div class=\"w-iconbox iconpos_top style_default color_primary align_center no_text\"><div class=\"w-iconbox-icon\" style=\"font-size:70px;\"><i class=\"fas fa-heart\"><\/i><\/div><div class=\"w-iconbox-meta\"><h4 class=\"w-iconbox-title\">Heels Choreo Flow<\/h4><\/div><\/div><\/div><\/div><\/div><div class=\"vc_col-sm-4 wpb_column vc_column_container\"><div class=\"vc_column-inner\"><div class=\"wpb_wrapper\"><div class=\"w-iconbox iconpos_top style_default color_primary align_center no_text\"><div class=\"w-iconbox-icon\" style=\"font-size:2rem;\"><i class=\"fas fa-heart\"><\/i><\/div><div class=\"w-iconbox-meta\"><h4 class=\"w-iconbox-title\">Strip Plastique &amp; Chair Dance<\/h4><\/div><\/div><\/div><\/div><\/div><\/div><div class=\"w-iconbox iconpos_top style_default color_primary align_left no_text\"><div class=\"w-iconbox-icon\" style=\"font-size:2rem;\"><i class=\"fas fa-heart\"><\/i><\/div><div class=\"w-iconbox-meta\"><h4 class=\"w-iconbox-title\">Stretching &amp; Conditioning<\/h4><\/div><\/div><\/div><\/div><\/div><\/div><\/div><\/section><section class=\"l-section wpb_row height_small color_alternate\"><div class=\"l-section-h i-cf\"><div class=\"g-cols vc_row via_flex valign_middle type_boxes stacking_default\"><div class=\"vc_col-sm-12 wpb_column vc_column_container\"><div class=\"vc_column-inner us_custom_eca3a7ee\"><div class=\"wpb_wrapper\"><div class=\"wpb_text_column\"><div class=\"wpb_wrapper\"><h2 style=\"text-align: center;\">Das Team<\/h2>\n<\/div><\/div><div class=\"w-separator size_medium with_line width_30 thick_1 style_solid color_border align_center with_content\"><div class=\"w-separator-h\"><i class=\"fas fa-male\"><\/i><\/div><\/div><div class=\"g-cols wpb_row via_flex valign_top type_default stacking_default\"><div class=\"vc_col-sm-3 wpb_column vc_column_container\"><div class=\"vc_column-inner\"><div class=\"wpb_wrapper\"><div class=\"w-person layout_circle with_desc\" itemscope itemtype=\"https:\/\/schema.org\/Person\"><div class=\"w-person-image\"><a href=\"#\" class=\"w-person-link\" aria-label=\"Jasmin\"><img loading=\"lazy\" decoding=\"async\" width=\"150\" height=\"150\" src=\"https:\/\/pole-room.de\/wp-content\/uploads\/2019\/11\/Jasmin-031-Bearbeitet-e1572896133173-150x150.jpg\" class=\"attachment-thumbnail size-thumbnail\" alt=\"\" srcset=\"https:\/\/pole-room.de\/wp-content\/uploads\/2019\/11\/Jasmin-031-Bearbeitet-e1572896133173-150x150.jpg 150w, https:\/\/pole-room.de\/wp-content\/uploads\/2019\/11\/Jasmin-031-Bearbeitet-e1572896133173-600x600.jpg 600w\" sizes=\"(max-width: 150px) 100vw, 150px\" \/><\/a><\/div><div class=\"w-person-content\"><a href=\"#\" class=\"w-person-link\" aria-label=\"Jasmin\"><h4 itemprop=\"name\" class=\"w-person-name\"><span>Jasmin<\/span><\/h4><\/a><div class=\"w-person-role\" itemprop=\"jobTitle\">Inhaber Pole Room<\/div><div class=\"w-person-description\" itemprop=\"description\"><p>Poledance Trainer &#8211; Basics bis Advanced<br \/>\nHeels Flow<br \/>\nChoreo<br \/>\nChairdance<br \/>\nStretching<br \/>\nFitness Trainer B-Lizens<\/p>\n<\/div><\/div><\/div><\/div><\/div><\/div><div class=\"vc_col-sm-3 wpb_column vc_column_container\"><div class=\"vc_column-inner\"><div class=\"wpb_wrapper\"><div class=\"w-person layout_circle with_desc\" itemscope itemtype=\"https:\/\/schema.org\/Person\"><div class=\"w-person-image\"><img loading=\"lazy\" decoding=\"async\" width=\"150\" height=\"150\" src=\"https:\/\/pole-room.de\/wp-content\/uploads\/2024\/10\/image0-150x150.jpeg\" class=\"attachment-thumbnail size-thumbnail\" alt=\"\" srcset=\"https:\/\/pole-room.de\/wp-content\/uploads\/2024\/10\/image0-150x150.jpeg 150w, https:\/\/pole-room.de\/wp-content\/uploads\/2024\/10\/image0-600x600.jpeg 600w\" sizes=\"(max-width: 150px) 100vw, 150px\" \/><\/div><div class=\"w-person-content\"><h4 itemprop=\"name\" class=\"w-person-name\"><span>Nele<\/span><\/h4><div class=\"w-person-role\" itemprop=\"jobTitle\">Poledance Trainer<\/div><div class=\"w-person-description\" itemprop=\"description\"><p>Basics<\/p>\n<\/div><\/div><\/div><div class=\"w-person layout_circle with_desc\" itemscope itemtype=\"https:\/\/schema.org\/Person\"><div class=\"w-person-image\"><img loading=\"lazy\" decoding=\"async\" width=\"150\" height=\"150\" src=\"https:\/\/pole-room.de\/wp-content\/uploads\/2024\/10\/image1-150x150.jpeg\" class=\"attachment-thumbnail size-thumbnail\" alt=\"\" srcset=\"https:\/\/pole-room.de\/wp-content\/uploads\/2024\/10\/image1-150x150.jpeg 150w, https:\/\/pole-room.de\/wp-content\/uploads\/2024\/10\/image1-600x600.jpeg 600w\" sizes=\"(max-width: 150px) 100vw, 150px\" \/><\/div><div class=\"w-person-content\"><h4 itemprop=\"name\" class=\"w-person-name\"><span>Christina<\/span><\/h4><div class=\"w-person-role\" itemprop=\"jobTitle\">Poledance Trainer<\/div><div class=\"w-person-description\" itemprop=\"description\"><p>Basics<\/p>\n<\/div><\/div><\/div><\/div><\/div><\/div><div class=\"vc_col-sm-3 wpb_column vc_column_container\"><div class=\"vc_column-inner\"><div class=\"wpb_wrapper\"><div class=\"w-person layout_circle with_desc\" itemscope itemtype=\"https:\/\/schema.org\/Person\"><div class=\"w-person-image\"><img loading=\"lazy\" decoding=\"async\" width=\"150\" height=\"150\" src=\"https:\/\/pole-room.de\/wp-content\/uploads\/2022\/08\/image0-3-150x150.jpeg\" class=\"attachment-thumbnail size-thumbnail\" alt=\"\" srcset=\"https:\/\/pole-room.de\/wp-content\/uploads\/2022\/08\/image0-3-150x150.jpeg 150w, https:\/\/pole-room.de\/wp-content\/uploads\/2022\/08\/image0-3-600x600.jpeg 600w\" sizes=\"(max-width: 150px) 100vw, 150px\" \/><\/div><div class=\"w-person-content\"><h4 itemprop=\"name\" class=\"w-person-name\"><span>Kira<\/span><\/h4><div class=\"w-person-role\" itemprop=\"jobTitle\">Poledance Trainer<\/div><div class=\"w-person-description\" itemprop=\"description\"><p>Basics bis Mittelstufe<\/p>\n<\/div><\/div><\/div><\/div><\/div><\/div><div class=\"vc_col-sm-3 wpb_column vc_column_container\"><div class=\"vc_column-inner\"><div class=\"wpb_wrapper\"><div class=\"w-person layout_circle with_desc\" itemscope itemtype=\"https:\/\/schema.org\/Person\"><div class=\"w-person-image\"><a href=\"http:\/\/aerialyogaroom.de\/\" class=\"w-person-link\" aria-label=\"Paulina\"><img loading=\"lazy\" decoding=\"async\" width=\"150\" height=\"150\" src=\"https:\/\/pole-room.de\/wp-content\/uploads\/2025\/10\/image2-150x150.jpeg\" class=\"attachment-thumbnail size-thumbnail\" alt=\"\" srcset=\"https:\/\/pole-room.de\/wp-content\/uploads\/2025\/10\/image2-150x150.jpeg 150w, https:\/\/pole-room.de\/wp-content\/uploads\/2025\/10\/image2-600x600.jpeg 600w\" sizes=\"(max-width: 150px) 100vw, 150px\" \/><\/a><\/div><div class=\"w-person-content\"><a href=\"http:\/\/aerialyogaroom.de\/\" class=\"w-person-link\" aria-label=\"Paulina\"><h4 itemprop=\"name\" class=\"w-person-name\"><span>Paulina<\/span><\/h4><\/a><div class=\"w-person-role\" itemprop=\"jobTitle\">Tanz Trainer<\/div><div class=\"w-person-description\" itemprop=\"description\"><p>Strip Plastique<br \/>\nChair Dance<\/p>\n<\/div><\/div><\/div><\/div><\/div><\/div><\/div><\/div><\/div><\/div><\/div><\/div><\/section>\n","protected":false},"excerpt":{"rendered":"[vc_custom_heading text=\"Pole Room Team\" font_container=\"tag:h1|font_size:70|text_align:center|color:%23f8c8c8\" google_fonts=\"font_family:Satisfy%3Aregular|font_style:400%20regular%3A400%3Anormal\"]Mit der Leidenschaft zu unserem Sport, m\u00f6chten wir f\u00fcr euch einen Ort erschaffen an dem man sich wohl f\u00fchlen, entspannen, auspowern, st\u00e4rken, den K\u00f6rper formen oder einen Ausgleich zu dem oft stressigen Alltag finden kann. Was auch immer jeden einzelnen dazu bewegt, uns, in unserem Studio zu besuchen, es liegt...","protected":false},"author":1,"featured_media":0,"parent":0,"menu_order":0,"comment_status":"closed","ping_status":"closed","template":"","meta":{"footnotes":""},"class_list":["post-3895","page","type-page","status-publish","hentry"],"yoast_head":"<!-- This site is optimized with the Yoast SEO plugin v21.2 - https:\/\/yoast.com\/wordpress\/plugins\/seo\/ -->\n<title>Unser Team - Pole room ( Poledance in R\u00fclzheim \/ bei Landau in der S\u00fcd-Pfalz)<\/title>\n<meta name=\"robots\" content=\"index, follow, max-snippet:-1, max-image-preview:large, max-video-preview:-1\" \/>\n<link rel=\"canonical\" href=\"https:\/\/pole-room.de\/?page_id=3895\" \/>\n<meta property=\"og:locale\" content=\"de_DE\" \/>\n<meta property=\"og:type\" content=\"article\" \/>\n<meta property=\"og:title\" content=\"Unser Team - Pole room ( Poledance in R\u00fclzheim \/ bei Landau in der S\u00fcd-Pfalz)\" \/>\n<meta property=\"og:url\" content=\"https:\/\/pole-room.de\/?page_id=3895\" \/>\n<meta property=\"og:site_name\" content=\"Pole room ( Poledance in R\u00fclzheim \/ bei Landau in der S\u00fcd-Pfalz)\" \/>\n<meta property=\"article:modified_time\" content=\"2025-10-14T13:12:48+00:00\" \/>\n<meta name=\"twitter:card\" content=\"summary_large_image\" \/>\n<meta name=\"twitter:label1\" content=\"Gesch\u00e4tzte Lesezeit\" \/>\n\t<meta name=\"twitter:data1\" content=\"2\u00a0Minuten\" \/>\n<script type=\"application\/ld+json\" class=\"yoast-schema-graph\">{\"@context\":\"https:\/\/schema.org\",\"@graph\":[{\"@type\":\"WebPage\",\"@id\":\"https:\/\/pole-room.de\/?page_id=3895\",\"url\":\"https:\/\/pole-room.de\/?page_id=3895\",\"name\":\"Unser Team - Pole room ( Poledance in R\u00fclzheim \/ bei Landau in der S\u00fcd-Pfalz)\",\"isPartOf\":{\"@id\":\"https:\/\/pole-room.de\/#website\"},\"datePublished\":\"2015-06-09T14:42:13+00:00\",\"dateModified\":\"2025-10-14T13:12:48+00:00\",\"breadcrumb\":{\"@id\":\"https:\/\/pole-room.de\/?page_id=3895#breadcrumb\"},\"inLanguage\":\"de\",\"potentialAction\":[{\"@type\":\"ReadAction\",\"target\":[\"https:\/\/pole-room.de\/?page_id=3895\"]}]},{\"@type\":\"BreadcrumbList\",\"@id\":\"https:\/\/pole-room.de\/?page_id=3895#breadcrumb\",\"itemListElement\":[{\"@type\":\"ListItem\",\"position\":1,\"name\":\"Startseite\",\"item\":\"https:\/\/pole-room.de\/\"},{\"@type\":\"ListItem\",\"position\":2,\"name\":\"Unser Team\"}]},{\"@type\":\"WebSite\",\"@id\":\"https:\/\/pole-room.de\/#website\",\"url\":\"https:\/\/pole-room.de\/\",\"name\":\"Pole room ( Poledance in R\u00fclzheim \/ bei Landau in der S\u00fcd-Pfalz)\",\"description\":\"Poledance &amp; Bodyworks\",\"potentialAction\":[{\"@type\":\"SearchAction\",\"target\":{\"@type\":\"EntryPoint\",\"urlTemplate\":\"https:\/\/pole-room.de\/?s={search_term_string}\"},\"query-input\":\"required name=search_term_string\"}],\"inLanguage\":\"de\"}]}<\/script>\n<!-- \/ Yoast SEO plugin. -->","yoast_head_json":{"title":"Unser Team - Pole room ( Poledance in R\u00fclzheim \/ bei Landau in der S\u00fcd-Pfalz)","robots":{"index":"index","follow":"follow","max-snippet":"max-snippet:-1","max-image-preview":"max-image-preview:large","max-video-preview":"max-video-preview:-1"},"canonical":"https:\/\/pole-room.de\/?page_id=3895","og_locale":"de_DE","og_type":"article","og_title":"Unser Team - Pole room ( Poledance in R\u00fclzheim \/ bei Landau in der S\u00fcd-Pfalz)","og_url":"https:\/\/pole-room.de\/?page_id=3895","og_site_name":"Pole room ( Poledance in R\u00fclzheim \/ bei Landau in der S\u00fcd-Pfalz)","article_modified_time":"2025-10-14T13:12:48+00:00","twitter_card":"summary_large_image","twitter_misc":{"Gesch\u00e4tzte Lesezeit":"2\u00a0Minuten"},"schema":{"@context":"https:\/\/schema.org","@graph":[{"@type":"WebPage","@id":"https:\/\/pole-room.de\/?page_id=3895","url":"https:\/\/pole-room.de\/?page_id=3895","name":"Unser Team - Pole room ( Poledance in R\u00fclzheim \/ bei Landau in der S\u00fcd-Pfalz)","isPartOf":{"@id":"https:\/\/pole-room.de\/#website"},"datePublished":"2015-06-09T14:42:13+00:00","dateModified":"2025-10-14T13:12:48+00:00","breadcrumb":{"@id":"https:\/\/pole-room.de\/?page_id=3895#breadcrumb"},"inLanguage":"de","potentialAction":[{"@type":"ReadAction","target":["https:\/\/pole-room.de\/?page_id=3895"]}]},{"@type":"BreadcrumbList","@id":"https:\/\/pole-room.de\/?page_id=3895#breadcrumb","itemListElement":[{"@type":"ListItem","position":1,"name":"Startseite","item":"https:\/\/pole-room.de\/"},{"@type":"ListItem","position":2,"name":"Unser Team"}]},{"@type":"WebSite","@id":"https:\/\/pole-room.de\/#website","url":"https:\/\/pole-room.de\/","name":"Pole room ( Poledance in R\u00fclzheim \/ bei Landau in der S\u00fcd-Pfalz)","description":"Poledance &amp; Bodyworks","potentialAction":[{"@type":"SearchAction","target":{"@type":"EntryPoint","urlTemplate":"https:\/\/pole-room.de\/?s={search_term_string}"},"query-input":"required name=search_term_string"}],"inLanguage":"de"}]}},"_links":{"self":[{"href":"https:\/\/pole-room.de\/index.php?rest_route=\/wp\/v2\/pages\/3895"}],"collection":[{"href":"https:\/\/pole-room.de\/index.php?rest_route=\/wp\/v2\/pages"}],"about":[{"href":"https:\/\/pole-room.de\/index.php?rest_route=\/wp\/v2\/types\/page"}],"author":[{"embeddable":true,"href":"https:\/\/pole-room.de\/index.php?rest_route=\/wp\/v2\/users\/1"}],"replies":[{"embeddable":true,"href":"https:\/\/pole-room.de\/index.php?rest_route=%2Fwp%2Fv2%2Fcomments&post=3895"}],"version-history":[{"count":50,"href":"https:\/\/pole-room.de\/index.php?rest_route=\/wp\/v2\/pages\/3895\/revisions"}],"predecessor-version":[{"id":4916,"href":"https:\/\/pole-room.de\/index.php?rest_route=\/wp\/v2\/pages\/3895\/revisions\/4916"}],"wp:attachment":[{"href":"https:\/\/pole-room.de\/index.php?rest_route=%2Fwp%2Fv2%2Fmedia&parent=3895"}],"curies":[{"name":"wp","href":"https:\/\/api.w.org\/{rel}","templated":true}]}}